{"id":1590,"date":"2019-06-05T14:31:06","date_gmt":"2019-06-05T12:31:06","guid":{"rendered":"http:\/\/fhsgschach.hochschule-stralsund.de\/?page_id=1590"},"modified":"2025-03-10T18:32:00","modified_gmt":"2025-03-10T17:32:00","slug":"trainingszeiten","status":"publish","type":"page","link":"https:\/\/fhsgschach.hochschule-stralsund.de\/?page_id=1590","title":{"rendered":"Trainingszeiten"},"content":{"rendered":"\n<p class=\"has-normal-font-size\">Unser Training findet in der <strong><a href=\"https:\/\/www.google.com\/maps\/place\/Hochschule+Stralsund\/@54.3378505,13.0691313,602m\/data=!3m1!1e3!4m13!1m7!3m6!1s0x47ab618a4e310729:0xf29eb2c8d30e331a!2sHochschulallee,+18435+Stralsund!3b1!8m2!3d54.342004!4d13.0698298!3m4!1s0x47ab62211f4dc7d7:0x5d054766df13bfec!8m2!3d54.3389309!4d13.0741227\" target=\"_blank\" rel=\"noreferrer noopener\">Hochschule Stralsund<\/a>, Haus 4, Raum 210<\/strong> statt! <\/p>\n\n\n\n<p>Du hast Lust mal vorbei zu schauen? Dann kannst du das jederzeit tun - du bist herzlich Willkommen!! Solltest du Fragen haben, melde dich doch gerne \u00fcber unser <a href=\"https:\/\/fhsgschach.hochschule-stralsund.de\/?page_id=262\" target=\"_blank\" rel=\"noreferrer noopener\">Kontaktformular<\/a>!<\/p>\n\n\n\n<div class=\"wp-block-file\"><object class=\"wp-block-file__embed\" data=\"https:\/\/fhsgschach.hochschule-stralsund.de\/wp-content\/uploads\/2024\/10\/Trainingsuebersicht-1.pdf\" type=\"application\/pdf\" style=\"width:100%;height:600px\" aria-label=\"Einbettung von Trainingszeiten.\"><\/object><a id=\"wp-block-file--media-382264c6-b2c9-48ac-b23e-09c211a0b004\" href=\"https:\/\/fhsgschach.hochschule-stralsund.de\/wp-content\/uploads\/2024\/10\/Trainingsuebersicht-1.pdf\">Trainingszeiten<\/a><a href=\"https:\/\/fhsgschach.hochschule-stralsund.de\/wp-content\/uploads\/2024\/10\/Trainingsuebersicht-1.pdf\" class=\"wp-block-file__button\" download aria-describedby=\"wp-block-file--media-382264c6-b2c9-48ac-b23e-09c211a0b004\">Herunterladen<\/a><\/div>\n\n\n\n<p>Hinweis: Wenn eine Runde der <a href=\"https:\/\/fhsgschach.hochschule-stralsund.de\/?page_id=4874\">Stadtmeisterschaft<\/a> ansteht, f\u00e4llt das Training um 19:00 Uhr aus. <\/p>\n\n\n\n<hr class=\"wp-block-separator has-css-opacity is-style-wide\"\/>\n\n\n\n<p class=\"has-normal-font-size\"><strong>Anreise<\/strong><\/p>\n\n\n\n<p class=\"has-normal-font-size\">Von der Parower Chaussee kommend, im Kreisverkehr in die Hochschulallee biegen und dieser folgen. Man f\u00e4hrt frontal auf das Zielgeb\u00e4ude (Haus 4) zu. Auf dem Vordach steht in von der Stra\u00dfe deutlich lesbaren Buchstaben \"<a href=\"https:\/\/www.google.com\/maps\/place\/Hochschule+Stralsund\/@54.3378505,13.0691313,602m\/data=!3m1!1e3!4m13!1m7!3m6!1s0x47ab618a4e310729:0xf29eb2c8d30e331a!2sHochschulallee,+18435+Stralsund!3b1!8m2!3d54.342004!4d13.0698298!3m4!1s0x47ab62211f4dc7d7:0x5d054766df13bfec!8m2!3d54.3389309!4d13.0741227\" target=\"_blank\" rel=\"noreferrer noopener\">HOST Hochschule Stralsund<\/a>\".  <\/p>\n\n\n\n<p class=\"has-normal-font-size\"><em>Fahrrad:<\/em> Fahrradst\u00e4nder befinden sich rechts und links vom Eingang. Hinter dem Geb\u00e4ude finden sich ebenfalls welche.<\/p>\n\n\n\n<p class=\"has-normal-font-size\"><em>Auto:<\/em> Vor dem Geb\u00e4ude rechts abbiegen und links halten. Die Parkpl\u00e4tze sind hinter dem Haus.<\/p>\n\n\n\n<p class=\"has-normal-font-size\"><em>Bus:<\/em> Die Bushaltestelle <em>Hochschulalle<\/em>e befindet sich vor Haus 4 bei dem gro\u00dfen goldenen W\u00fcrfel. Hier f\u00e4hrt die <a href=\"https:\/\/vvr.verbindungssuche.de\/\" target=\"_blank\" rel=\"noreferrer noopener\">Linie 1<\/a>.<\/p>\n\n\n\n<p class=\"has-normal-font-size\">Von vorne (bzw. hinten) kommend, das Geb\u00e4ude durch die Doppelt\u00fcren betreten und in den ersten Stock gehen. Jetzt rechts in den Gang einbiegen und diesem folgen. An der Sitzecke vorbei, befindet sich Raum 210 hinter der dicken Feuerschutzt\u00fcr rechts.<\/p>\n","protected":false},"excerpt":{"rendered":"<p>Unser Training findet in der Hochschule Stralsund, Haus 4, Raum 210 statt! Du hast Lust mal vorbei zu schauen? Dann kannst du das jederzeit tun &#8211; du bist herzlich Willkommen!! Solltest du Fragen haben, melde dich doch gerne \u00fcber unser&hellip; <\/p>\n","protected":false},"author":3,"featured_media":0,"parent":0,"menu_order":0,"comment_status":"closed","ping_status":"closed","template":"","meta":[],"yoast_head":"<!-- This site is optimized with the Yoast SEO plugin v19.2 - https:\/\/yoast.com\/wordpress\/plugins\/seo\/ -->\n<title>Trainingszeiten - HSG Stralsund<\/title>\n<meta name=\"description\" content=\"Das Training findet immer Dienstags in der Hochschule Stralsund Geb\u00e4ude 4 in Raum 210 statt. Hier siehst du, welche Trainingsgruppen es gibt.\" \/>\n<meta name=\"robots\" content=\"index, follow, max-snippet:-1, max-image-preview:large, max-video-preview:-1\" \/>\n<link rel=\"canonical\" href=\"https:\/\/fhsgschach.hochschule-stralsund.de\/?page_id=1590\" \/>\n<meta property=\"og:locale\" content=\"de_DE\" \/>\n<meta property=\"og:type\" content=\"article\" \/>\n<meta property=\"og:title\" content=\"Trainingszeiten - HSG Stralsund\" \/>\n<meta property=\"og:description\" content=\"Das Training findet immer Dienstags in der Hochschule Stralsund Geb\u00e4ude 4 in Raum 210 statt. Hier siehst du, welche Trainingsgruppen es gibt.\" \/>\n<meta property=\"og:url\" content=\"https:\/\/fhsgschach.hochschule-stralsund.de\/?page_id=1590\" \/>\n<meta property=\"og:site_name\" content=\"HSG Stralsund\" \/>\n<meta property=\"article:publisher\" content=\"https:\/\/fhsgschach.hochschule-stralsund.de\" \/>\n<meta property=\"article:modified_time\" content=\"2025-03-10T17:32:00+00:00\" \/>\n<meta name=\"author\" content=\"Oliver B\u00f6ttner\" \/>\n<meta name=\"twitter:card\" content=\"summary_large_image\" \/>\n<meta name=\"twitter:label1\" content=\"Gesch\u00e4tzte Lesezeit\" \/>\n\t<meta name=\"twitter:data1\" content=\"2 Minuten\" \/>\n<script type=\"application\/ld+json\" class=\"yoast-schema-graph\">{\"@context\":\"https:\/\/schema.org\",\"@graph\":[{\"@type\":\"WebSite\",\"@id\":\"https:\/\/fhsgschach.hochschule-stralsund.de\/#website\",\"url\":\"https:\/\/fhsgschach.hochschule-stralsund.de\/\",\"name\":\"HSG Stralsund\",\"description\":\"Abteilung Schach\",\"potentialAction\":[{\"@type\":\"SearchAction\",\"target\":{\"@type\":\"EntryPoint\",\"urlTemplate\":\"https:\/\/fhsgschach.hochschule-stralsund.de\/?s={search_term_string}\"},\"query-input\":\"required name=search_term_string\"}],\"inLanguage\":\"de-DE\"},{\"@type\":\"WebPage\",\"@id\":\"https:\/\/fhsgschach.hochschule-stralsund.de\/?page_id=1590#webpage\",\"url\":\"https:\/\/fhsgschach.hochschule-stralsund.de\/?page_id=1590\",\"name\":\"Trainingszeiten - HSG Stralsund\",\"isPartOf\":{\"@id\":\"https:\/\/fhsgschach.hochschule-stralsund.de\/#website\"},\"datePublished\":\"2019-06-05T12:31:06+00:00\",\"dateModified\":\"2025-03-10T17:32:00+00:00\",\"description\":\"Das Training findet immer Dienstags in der Hochschule Stralsund Geb\u00e4ude 4 in Raum 210 statt. Hier siehst du, welche Trainingsgruppen es gibt.\",\"breadcrumb\":{\"@id\":\"https:\/\/fhsgschach.hochschule-stralsund.de\/?page_id=1590#breadcrumb\"},\"inLanguage\":\"de-DE\",\"potentialAction\":[{\"@type\":\"ReadAction\",\"target\":[\"https:\/\/fhsgschach.hochschule-stralsund.de\/?page_id=1590\"]}]},{\"@type\":\"BreadcrumbList\",\"@id\":\"https:\/\/fhsgschach.hochschule-stralsund.de\/?page_id=1590#breadcrumb\",\"itemListElement\":[{\"@type\":\"ListItem\",\"position\":1,\"name\":\"Startseite\",\"item\":\"https:\/\/fhsgschach.hochschule-stralsund.de\/\"},{\"@type\":\"ListItem\",\"position\":2,\"name\":\"Trainingszeiten\"}]}]}<\/script>\n<!-- \/ Yoast SEO plugin. -->","yoast_head_json":{"title":"Trainingszeiten - HSG Stralsund","description":"Das Training findet immer Dienstags in der Hochschule Stralsund Geb\u00e4ude 4 in Raum 210 statt. Hier siehst du, welche Trainingsgruppen es gibt.","robots":{"index":"index","follow":"follow","max-snippet":"max-snippet:-1","max-image-preview":"max-image-preview:large","max-video-preview":"max-video-preview:-1"},"canonical":"https:\/\/fhsgschach.hochschule-stralsund.de\/?page_id=1590","og_locale":"de_DE","og_type":"article","og_title":"Trainingszeiten - HSG Stralsund","og_description":"Das Training findet immer Dienstags in der Hochschule Stralsund Geb\u00e4ude 4 in Raum 210 statt. Hier siehst du, welche Trainingsgruppen es gibt.","og_url":"https:\/\/fhsgschach.hochschule-stralsund.de\/?page_id=1590","og_site_name":"HSG Stralsund","article_publisher":"https:\/\/fhsgschach.hochschule-stralsund.de","article_modified_time":"2025-03-10T17:32:00+00:00","author":"Oliver B\u00f6ttner","twitter_card":"summary_large_image","twitter_misc":{"Gesch\u00e4tzte Lesezeit":"2 Minuten"},"schema":{"@context":"https:\/\/schema.org","@graph":[{"@type":"WebSite","@id":"https:\/\/fhsgschach.hochschule-stralsund.de\/#website","url":"https:\/\/fhsgschach.hochschule-stralsund.de\/","name":"HSG Stralsund","description":"Abteilung Schach","potentialAction":[{"@type":"SearchAction","target":{"@type":"EntryPoint","urlTemplate":"https:\/\/fhsgschach.hochschule-stralsund.de\/?s={search_term_string}"},"query-input":"required name=search_term_string"}],"inLanguage":"de-DE"},{"@type":"WebPage","@id":"https:\/\/fhsgschach.hochschule-stralsund.de\/?page_id=1590#webpage","url":"https:\/\/fhsgschach.hochschule-stralsund.de\/?page_id=1590","name":"Trainingszeiten - HSG Stralsund","isPartOf":{"@id":"https:\/\/fhsgschach.hochschule-stralsund.de\/#website"},"datePublished":"2019-06-05T12:31:06+00:00","dateModified":"2025-03-10T17:32:00+00:00","description":"Das Training findet immer Dienstags in der Hochschule Stralsund Geb\u00e4ude 4 in Raum 210 statt. Hier siehst du, welche Trainingsgruppen es gibt.","breadcrumb":{"@id":"https:\/\/fhsgschach.hochschule-stralsund.de\/?page_id=1590#breadcrumb"},"inLanguage":"de-DE","potentialAction":[{"@type":"ReadAction","target":["https:\/\/fhsgschach.hochschule-stralsund.de\/?page_id=1590"]}]},{"@type":"BreadcrumbList","@id":"https:\/\/fhsgschach.hochschule-stralsund.de\/?page_id=1590#breadcrumb","itemListElement":[{"@type":"ListItem","position":1,"name":"Startseite","item":"https:\/\/fhsgschach.hochschule-stralsund.de\/"},{"@type":"ListItem","position":2,"name":"Trainingszeiten"}]}]}},"_links":{"self":[{"href":"https:\/\/fhsgschach.hochschule-stralsund.de\/index.php?rest_route=\/wp\/v2\/pages\/1590"}],"collection":[{"href":"https:\/\/fhsgschach.hochschule-stralsund.de\/index.php?rest_route=\/wp\/v2\/pages"}],"about":[{"href":"https:\/\/fhsgschach.hochschule-stralsund.de\/index.php?rest_route=\/wp\/v2\/types\/page"}],"author":[{"embeddable":true,"href":"https:\/\/fhsgschach.hochschule-stralsund.de\/index.php?rest_route=\/wp\/v2\/users\/3"}],"replies":[{"embeddable":true,"href":"https:\/\/fhsgschach.hochschule-stralsund.de\/index.php?rest_route=%2Fwp%2Fv2%2Fcomments&post=1590"}],"version-history":[{"count":36,"href":"https:\/\/fhsgschach.hochschule-stralsund.de\/index.php?rest_route=\/wp\/v2\/pages\/1590\/revisions"}],"predecessor-version":[{"id":5157,"href":"https:\/\/fhsgschach.hochschule-stralsund.de\/index.php?rest_route=\/wp\/v2\/pages\/1590\/revisions\/5157"}],"wp:attachment":[{"href":"https:\/\/fhsgschach.hochschule-stralsund.de\/index.php?rest_route=%2Fwp%2Fv2%2Fmedia&parent=1590"}],"curies":[{"name":"wp","href":"https:\/\/api.w.org\/{rel}","templated":true}]}}